g) = -3*g - 7*g**2 - 3*g + 7 + 8*g**z. Let a be (-1)/3 - 32/(-6). Calculate o(a).
2
Let b(s) = -s**2 + s - 2. Suppose -5*z = 5*h + 40, 2*z + 17 = h - 2*z. Give b(h).
-14
Let z(v) = 2*v**2 - 3*v - 2. Let m(j) = j - 2. Let f be m(6). Suppose f*l + o - 7 = 14, -4*l + 27 = -o. Suppose -2*b + l*b = 12. Give z(b).
7
Suppose 2*n = 4*n - 10, 3*g = -4*n + 26. Suppose 0*j = j - g. Suppose 0 = -i - 5*f + 1 + 1, j*f = -4*i - 10. Let r(s) = 3*s - 1. What is r(i)?
-10
Let t be (0 + 8)*(-9)/(-18). Let v(o) = -4*o**2 + o + 8. Let r(l) be the first derivative of -5*l**3/3 + 9*l + 2. Let z(q) = 3*r(q) - 4*v(q). Give z(t).
-5
Suppose 5*j - 11 = 3*s - 2*s, 3*j - 5*s = 11. Let i(t) = 0*t**2 - 6*t**j + 3*t + t**2 + t**3. Let w be (3 + -4)*-1 + 2. What is i(w)?
-9
Let v(b) = 3*b**2 - 3*b**2 + 6*b - b**3 + 4*b**2 - 6. Suppose -3*z - 55 = -5*m, -z - 16 = -2*m + 4. Let a be (z/6)/((-2)/6). Determine v(a).
-1
Let z be ((-27)/6)/(-3)*2. Let n(f) be the third derivative of -f**5/60 + f**4/12 - f**3/3 - 4*f**2. Calculate n(z).
-5
Let l(a) = -a**3 + a**2 + a. Let n(m) = -m**3 + 8*m**2 + m - 9. Let s be n(8). Let r(v) = -2*v**3 - v**2 + 4*v + 2. Let d(f) = s*r(f) + l(f). Give d(-2).
4
Let g(z) = -3*z. Let o be g(-1). Let y(t) = -o*t - 1 + 0*t + 2*t**2 + 3*t. Calculate y(2).
7
Let v(f) = -f**2 + f + 3. Let o be (-6)/2 + 6 + 0 + 1. Determine v(o).
-9
Let k = 9 + -15. Let p(n) = -n**3 - 5*n**2 + 6*n + 2. Let h be p(k). Let c(x) = 2*x**2 + 4*x**h - 5*x**2 + 5*x. Give c(-4).
-4
Suppose -3*z + 8 = 2*t, -4*z - 2*t = -t - 9. Let m(b) = -1 + 1 + 5*b + z*b. Calculate m(-1).
-7
Let u(b) = 3*b + 4. Let k be 52/(-8) - (-1)/(-2). Let m be (-36)/10 + 2/(-5). Let c = k - m. What is u(c)?
-5
Let z(s) be the second derivative of 15/2*s**2 + 0 - 5*s + 1/6*s**3. Give z(0).
15
Let q(p) = 6*p**3 - p**2. Let u(z) = z**2 - 4*z - 4. Let a be u(5). Let m be (a + -2 + -5)*-1. Suppose -4 = 2*r - m*r - 2*s, 3*s - 9 = -3*r. Calculate q(r).
-7
Let t(o) = 3*o + 3. Let l be t(-2). Let n(k) be the first derivative of k**4/4 + k**3 - k**2/2 - 2*k + 7. What is n(l)?
1
Let u be 0/(3*(-1)/(-3)). Let w(a) = -2*a**3 - 1 + 4*a**3 + a**2 + u*a**3. Determine w(-1).
-2
Let q(r) = -r**3 - 2*r**2 + 4*r + 8. Let l(i) = i**3 + i**2 - 3*i - 8. Let g(x) = 3*l(x) + 4*q(x). Give g(-6).
2
Suppose -3*a - 3 = -12. Suppose -3*s + 4*s = a. Suppose 2*k = -2*k - 3*o - s, -k = 2*o + 2. Let v(l) = -l**3 - l**2 - l - 5. What is v(k)?
-5
Let q(i) = 2*i**3 - i**2 - 3*i + 2. Suppose 0*w - m - 9 = -3*w, -29 = -5*w - 3*m. Suppose -3 = 4*l + 5. Let f = w + l. Determine q(f).
8
Let r(v) = -3*v**2 - v - 2. Let f be 1/(-4) - (-42)/(-24). Give r(f).
-12
Let m(s) = s + 4. Let i(b) = -b**2 + 5*b + 9. Suppose -4*q - 4*o = 0, -7 - 2 = 3*o. Suppose q*u - 25 = 2*g, 4*g = 4*u + u - 43. Let c be i(u). Determine m(c).
-1
Let h(w) be the first derivative of -w**2 - w + 13. What is h(3)?
-7
Let n(i) = -i**3 + 4*i + 4*i**2 + 9*i**2 - 10*i**2. Give n(4).
0
Let p(t) = t**2 - t - 14. Let b be ((-30)/(-9))/((-2)/(-3)). Suppose 2*m + 4*z + 4 - 24 = 0, 0 = 2*m - b*z + 25. What is p(m)?
-14
Let x(l) be the third derivative of -l**4/4 + l**3/6 + l**2. Let n = -11 - -7. Let h = 5 + n. What is x(h)?
-5
Let t(n) = -n**3 + n**2 - n - 6. Suppose 4 = -5*c + 4*u - 3*u, -u = -4. Give t(c).
-6
Let o(c) = -c. Let b be (-6)/(-21) - 2/7. What is o(b)?
0
Let t be 4/18 - 75/(-27). Let h(z) = -t - 6 - 11 - 4*z - 1. Let q(r) = 3*r + 14. Let w(i) = 5*h(i) + 7*q(i). What is w(5)?
-2
Let w(r) = r - 1. Let y(b) = b**2 - 3*b - 5. Let t be y(4). Let l(d) = d**2 - d - 1. Let x(s) = t*l(s) - w(s). What is x(-3)?
-7
Let y(n) = 3*n**3 + 6*n**2 - 3*n. Let j(v) = -v**3 - v**2 + v. Let i(l) = -4*j(l) - y(l). What is i(3)?
6
Let r(a) = a**2 - 6*a + 2. Let b = -1 + 6. Suppose b*i - 9 = 11. Determine r(i).
-6
Let k = 16 + -13. Let a(w) = -w + 3*w + 1 - k. Give a(-3).
-8
Let f(c) be the third derivative of c**6/120 + c**5/15 + c**4/8 + c**3/2 + 37*c**2. Suppose x + 3 + 1 = 0. What is f(x)?
-9
Let l(z) = -z + 6. Let f be 2 + -2 + -3 + 5. Suppose -4*n + 4*x + 4 = 0, -n + 7 = -4*x + 15. Suppose f*j - n - 6 = 0. Give l(j).
1
Let b(y) be the second derivative of y**5/20 + y**4/12 - y**2 + 32*y. Determine b(2).
10
Let o(p) = -7. Let w(l) = -10. Let c(j) = -7*o(j) + 5*w(j). Let h(b) = -b + 1. Let k(f) = -c(f) - 3*h(f). Calculate k(4).
10
Let w(g) = g**3 + 15*g**2 + 15*g + 15. Let m be w(-14). Let c(n) = m + 17*n**2 - 14*n**2 - 6*n**2. Calculate c(-2).
-11
Let u = 50 - 30. Suppose q + u = -5*t, -q + 30 = -5*t - 4*q. Let k(r) = -r**3 - 2*r**2 + 2*r + 3. What is k(t)?
6
Let j(p) = -p - 1. Let v be j(-7). Let l(d) = 5*d**2 + 12*d + 21. Let h(q) = -2*q**2 - 4*q - 7. Let i(y) = -8*h(y) - 3*l(y). Determine i(v).
5
Let c be -2 + (2/2 - -4). Let a(s) = s**3. Let f(m) = -5*m + 3. Let v(k) = k**3 + k**2 - k. Let z(o) = -f(o) + 2*v(o). Let t(x) = 3*a(x) - z(x). What is t(c)?
3
Let i be 2*-1*(0 - -2). Let g = -5 - -6. Let f(j) = g - 5 + 3*j + j + 8. Determine f(i).
-12
Let g = 3 + -1. Suppose -3*m + 30 = g*m. Let x(l) = -2*l + 3*l + m*l. Give x(1).
7
Let z(n) = -n**2 - 14*n - 6. Let f(l) = -l**2 - 15*l - 6. Let t(v) = -5*f(v) + 6*z(v). Calculate t(-4).
14
Let r(h) = -h**2 - h + 1. Let k = 6 - 3. Suppose -5*y + 3*a + 0*a = -100, 2*y - k*a = 40. Suppose 4*l = -5*j - l + y, -4*l + 18 = 5*j. Determine r(j).
-5
Let j(n) = -n**2 - 5*n - 6. Let h = 3 + 1. Suppose 0 = -0*o - o - h. What is j(o)?
-2
Let a = 10 + -8. Let x be 1*a + (-6 - -14). Let g = 6 - x. Let s(f) = -f**3 - 4*f**2 - f - 2. What is s(g)?
2
Let f(b) = -6*b**2 + 25*b - 46. Let n(q) = -q**2 + 5*q - 9. Let i(p) = -2*f(p) + 11*n(p). Determine i(-7).
7
Let q be (-1)/(85/40 + -2). Let a(y) = -y**3 - 7*y**2 + 6*y - 3. What is a(q)?
13
Let k(h) = h**2 - 7*h + 3. Suppose -4*o = -3*o - 7. Calculate k(o).
3
Suppose -n + 6*n - i = 6, 0 = -5*n - 5*i + 30. Let b be 12/9 + n/3. Let l(s) = s + 2*s**2 - 13 + 29 - 18. Determine l(b).
8
Let s = -2 - -8. Let u(z) = 5*z**2 - 8*z + 4. Let f(b) = 6*b**2 - 8*b + 3. Let d(x) = 4*f(x) - 5*u(x). What is d(s)?
4
Let a(q) = q**2 - q - 1. Suppose -2*v - 2*b = 2, 5*v - 2*b + 1 = 10. Let p(d) = -5*d**2 + 2*d + 5. Let n(u) = v*p(u) + 4*a(u). Calculate n(-4).
-7
Let j(q) = 2*q**3 + 7*q**2 + 5*q + 3. Let w be j(-3). Let l(u) be the third derivative of 1/2*u**3 + 1/24*u**4 + 0*u + u**2 + 0. Give l(w).
0
Let s(y) be the third derivative of y**5/60 - y**4/8 - 5*y**3/6 - 14*y**2. Give s(5).
5
Let b = 8 - 13. Let u(f) be the third derivative of f**2 + 5/24*f**4 + 0 - 7/6*f**3 + 0*f + 1/60*f**5. Give u(b).
-7
Suppose u + 11 = 5*d, d - 8 = -u + 5. Let y be 2/u - (-76)/(-18). Let w(l) = l. Let a be w(y). Let k(t) = t**3 + 3*t**2 - 2*t + 3. Give k(a).
-5
Let z(b) be the first derivative of 2 + b + 0*b**2 + 2*b**4 - 2/3*b**3. Calculate z(1).
7
Let h(b) = -3*b. Let s be (9 + -2)*(-2)/(-14). Determine h(s).
-3
Let u(f) be the second derivative of -3*f + 0 + 1/12*f**4 + 1/3*f**3 - f**2. Determine u(-3).
1
Let s(g) be the second derivative of g**5/20 - g**4/4 - 5*g**3/6 + 3*g**2/2 + 11*g. Determine s(3).
-12
Let n(d) = -3 + 2 - 2 - d. Let z = 2 + 1. What is n(z)?
-6
Let j(c) = -c**3 - c**2 - 1. Suppose 3*v + 62 - 11 = 0. Let f = v - -15. Calculate j(f).
3
Let p(v) be the third derivative of v**4/24 + 23*v**2. Calculate p(-1).
-1
Let n(v) = v**2 - v + 2. Let o = 13 - 11. Determine n(o).
4
Let f be 80/(-8) + (0 - -2). Let t(c) = c**2 + 9*c + 2. Determine t(f).
-6
Let k(j) be the first derivative of -j**3/3 - j**2/2 + j + 8. Give k(-2).
-1
Suppose 0*p - 2*p + 10 = 0. Let a = 6 - p. Let j(s) = -5*s + 1. Give j(a).
-4
Let g(j) be the first derivative of j**2/2 + 75. Let r = -4 - -2. Let i be 3 + -1 - (r - -5). What is g(i)?
-1
Let r be (-5)/(-2) - (-2)/4. Let n(x) = -7*x - r*x + x. Suppose 33*v = 12*v - 21. Give n(v).
9
Let y(d) = d**2 + 5*d - 8. Let o = 3 - 10. Give y(o).
6
Let n be 1 + (2 - (5 + -2)). Let s(h) = -3*h + h**2 + 3*h + n + 5*h + 1. Calculate s(-4).
-3
Let p(l) = 5*l - 7. Let z(g) = 6*g - 8. Let c(d) = 5*p(d) - 4*z(d). Suppose -2*s + 4 + 4 = 0. Suppose s*k + 25 = -k. Give c(k).
-8
Let h(i) = 4 + 1 + 2*i + 1. Determine h(-4).
-2
Let n(q) = -q**3 - 3*q**2 - 3. Suppose -2*a = -2*u + 12, 3*u + 0*a - 18 = 2*a. Suppose u = -2*r - 0*r. Give n(r).
-3
Let w be 2 + (1 + -19)/(-2). Suppose -4*c = -4*i + 16, 4*c + i - 4*i = -w. Let v(r) = r + 1. Calculate